of y and a.
1
Suppose -5*m + 10 = -3*m. Suppose 0 = -0*l + l - 2. Suppose -3*z + 150 = l*z. What is the highest common factor of z and m?
5
Let h = -138 - -230. Suppose 3*b - 57 = -3*p, -2*b + 7*p = 3*p - 62. What is the greatest common factor of h and b?
23
Let m(r) = r - 7. Let p be m(0). Let n be (-2)/p - 1632/(-21). Let o = 10 + n. What is the greatest common divisor of o and 11?
11
Let m(o) = o**3 - 6*o**2 + 5*o + 5. Let p be m(5). What is the greatest common factor of 20 and p?
5
Let v = 966 + -690. Calculate the greatest common divisor of v and 12.
12
Let f be 2/(-6) + (-330)/(-18). Calculate the greatest common factor of f and 36.
18
Suppose -2 - 38 = -5*z. Suppose -4*d + z = 0, 19 = 4*f + 4*d - 9. Let k = 23 - f. Calculate the highest common divisor of 36 and k.
18
Let u(o) = -o**3 + 6*o**2 + 3*o - 5. Let f be u(6). Suppose 2*p + 10 = -4*i, i + 2*i - 20 = 4*p. Let a = f + p. What is the greatest common factor of 64 and a?
8
Let u = -12 + 21. Let r be (-3)/6 - 25/(-2). Let v = r - 9. What is the greatest common divisor of v and u?
3
Let r be 3/(-2)*(-42)/7 + 3. What is the greatest common divisor of r and 24?
12
Let d be 8/(2/1) - -4. What is the greatest common divisor of 64 and d?
8
Let l(z) = -8*z - 24. Let r be l(-8). Calculate the greatest common factor of 8 and r.
8
Suppose 2*q - 108 = 24. What is the greatest common factor of 44 and q?
22
Suppose 2*k + 2*k = 116. Let u be (-3510)/(-24) - (-15)/(-12). What is the greatest common divisor of u and k?
29
Suppose -8*t = -4*t. Suppose 99 = -t*o + 3*o. What is the greatest common factor of 11 and o?
11
Let w = -24 + 32. Suppose t = -2*i + 32, -3*i - 2*t + 4*t + 48 = 0. What is the greatest common factor of i and w?
8
Let v = -21 - -32. Suppose -6*c + 7*c = 9. Suppose 4*k - 83 = -o, 5*o - c - 10 = -2*k. What is the greatest common divisor of v and k?
11
Let o = -10 + 21. Calculate the highest common factor of o and 121.
11
Let r be ((-6)/(-9)*6)/1. Suppose -2*s - 75 = -3*j - r*s, 0 = -3*j + s + 84. What is the highest common factor of 189 and j?
27
Let u be ((-3312)/21)/(-4)*-7. Let s be -1 - u - 0 - 0. What is the highest common divisor of 25 and s?
25
Suppose -4*h - 177 = -969. Suppose -3*q + 3*w + 42 = 0, 2*q - 7*q = 3*w - 102. What is the greatest common factor of h and q?
18
Let m = 32 + 12. Suppose -11*a = -7*a - m. Suppose 542 = 5*r + 102. Calculate the highest common factor of r and a.
11
Let j = 30 - 16. Let o be j/(-49) + 9/7. What is the greatest common divisor of o and 2?
1
Let j = 100 - 93. Calculate the greatest common divisor of j and 154.
7
Suppose 3*x - 4*x + 100 = 0. Let d = x + -28. Suppose 12 = -3*n + 39. What is the greatest common divisor of n and d?
9
Let q = -1 - -5. Suppose -4*t + 0*t = x + 158, -q = -2*x. Let o = t - -58. Calculate the greatest common divisor of 6 and o.
6
Suppose -114 = -9*s + 156. Calculate the greatest common factor of 12 and s.
6
Suppose 0 = 7*a + 84 - 483. What is the highest common divisor of a and 38?
19
Let v = 1 - 0. Let o = -37 - -41. What is the greatest common factor of o and v?
1
Let t = 11 + -8. Let q be 2/((-4)/(-10))*3. Calculate the highest common divisor of t and q.
3
Let l(m) = -4*m - 1. Let c be l(1). Suppose -2*b - 7 = 5*o - 1, 0 = -5*o - 5*b. Let j = o - c. What is the highest common divisor of 21 and j?
3
Let c(t) = -37*t**3 - t**2. Let u be c(-1). Let s be (20/(-6))/(1/3). Let g(m) = -m + 2. Let v be g(s). What is the greatest common divisor of v and u?
12
Let i be (-3)/18 - (-253)/6. Suppose -4*x = -22 - i. Calculate the highest common divisor of x and 8.
8
Suppose 5*y - y - 116 = 0. Calculate the greatest common factor of 232 and y.
29
Suppose -n + 4 = 2*k, -3*k + 28 = n - 7*k. Let g(x) = 3*x**3 + 2*x**2 - 3*x + 2. Let m be g(1). Calculate the greatest common divisor of m and n.
4
Let h = 32 - 5. Calculate the greatest common factor of 9 and h.
9
Let q = 65 + -32. What is the greatest common factor of q and 297?
33
Let m = 108 - 106. Calculate the highest common factor of m and 18.
2
Let l = -11 - -17. Calculate the greatest common factor of l and 1.
1
Let l = -75 - -81. What is the greatest common divisor of 48 and l?
6
Let b(x) = -x**2 + 8*x - 7. Let q be b(5). Suppose 2*t - q = -3*k - k, -6 = 3*t. What is the greatest common factor of k and 33?
3
Let w be (-17*6/15)/((-2)/10). What is the greatest common divisor of 34 and w?
34
Let g be 17/((-68)/(-576))*(1 + 1). Calculate the highest common factor of 36 and g.
36
Let j be 6/(-8) + 375/20 + 0. Calculate the highest common factor of j and 6.
6
Let c be ((-2)/(-8))/(2/56). Suppose -2*r + 4*r - 4*u - 106 = 0, 0 = 5*u - 25. Calculate the greatest common divisor of c and r.
7
Let z be (-172)/(-14) - 12/42. Let d be (-5 - -2)/(-6)*z. Let a be (144/(-20))/(3/(-10)). Calculate the greatest common divisor of d and a.
6
Suppose 7*j + 1 = 127. Let a = 6 + 3. Calculate the highest common factor of j and a.
9
Let y be (8/(-20))/(2/(-180)). Let t(f) = -f**3 + 7*f**2 + 8*f - 2. Let k be t(7). What is the greatest common factor of k and y?
18
Let o = 260 + -246. Let c be ((-1)/(-1))/(1/35). What is the highest common divisor of o and c?
7
Suppose -r = 4*x - 304, 0 = x - 4*r + 14 - 90. Let g = -13 + x. Calculate the greatest common divisor of 9 and g.
9
Let f = 22 - 12. Suppose -13 = -2*b + 17. Suppose 3*x + 5*u - b = 0, -2*x + 2*u + 0*u = -26. What is the highest common divisor of f and x?
10
Let c = 686 + -474. Suppose 5*r - c - 33 = 5*i, 209 = 5*r + 4*i. What is the greatest common factor of 9 and r?
9
Suppose 3*l + 8*p - 34 = 4*p, 4*l + 3*p - 36 = 0. What is the highest common divisor of 66 and l?
6
Let i = -9 + 4. Let t(q) = -q**2 - 5*q + 1. Let n be t(i). Let c(f) = 16*f**3 - f + 1. Let k be c(n). What is the highest common divisor of 128 and k?
16
Let g be 1*(-2 - -19 - 4). What is the greatest common factor of 65 and g?
13
Let b = 167 - 55. Suppose -5*c = -c - 56. Calculate the highest common factor of b and c.
14
Suppose 5*v - 8 = v. Suppose -3*s - 12 = -5*k + 3, 0 = 2*k + 2*s - 6. Calculate the greatest common factor of v and k.
1
Suppose 19*p = 21*p - 448. What is the greatest common factor of p and 32?
32
Suppose 4 = w - 0*w. What is the highest common factor of w and 12?
4
Suppose 4*p = 103 + 65. Let v = p - 26. Let z(k) = -k**3 + 10*k**2 + 13*k - 6. Let q be z(11). What is the highest common divisor of v and q?
16
Suppose -k = -6*j + j + 553, -2*j + 217 = k. Suppose -27 = -q - 7. Suppose 0*p + 2*p - q = 0. Calculate the greatest common divisor of j and p.
10
Let y = -4 - -11. Calculate the greatest common divisor of y and 77.
7
Let d(a) = -8*a + 7. Let z = 7 + -7. Let h(b) = -b**3 + b**2 - b - 7. Let g be h(z). Let l be d(g). What is the highest common divisor of l and 7?
7
Let a be 200/12 - (-1)/3. Let s = 142 + a. Suppose u - 52 = -5*f, -f - s = -0*u - 2*u. What is the highest common divisor of u and 7?
7
Let t = -16 + 35. Let x = t + -12. Suppose 4*g - 34 = 3*s, -4*s = 6 + 2. What is the highest common factor of g and x?
7
Let h = 404 + -596. Let t = 318 + h. Let f = 0 + 14. Calculate the highest common factor of f and t.
14
Suppose -6*l + 4*l + 96 = 0. Calculate the highest common factor of l and 6.
6
Let y(s) = s + 1. Let g be y(4). Let z(t) = -t - 1. Let n be z(-3). Let b be n/g - (-138)/5. What is the greatest common factor of 4 and b?
4
Let b = 33 + -19. What is the highest common factor of b and 14?
14
Let b(a) = 49*a - 181. Let z be b(4). Let r = 484 - 319. What is the greatest common factor of r and z?
15
Suppose 2*b - 5 = b. Suppose -3*g = -b*g + 4. Suppose -k = 5*h + g*k - 68, -5*h + k = -84. Calculate the greatest common divisor of 4 and h.
4
Let o(h) = -h**3 + 3*h**2 + 5*h - 2. Let g be o(4). Let f(y) = -y + 28. Let d be f(0). Let a = -12 + d. Calculate the highest common divisor of a and g.
2
Suppose -3*w + 40 = -w. Let o be ((-27)/(-36))/(1/(-20)). Let m be 6/o*150/(-2). Calculate the greatest common divisor of w and m.
10
Let z be (-30*1)/(-3) - 1. Calculate the highest common factor of z and 9.
9
Let t = 44 - 31. What is the greatest common divisor of t and 143?
13
Let r(n) = n**3 + 9*n**2 + n + 15. Let h be r(-9). What is the greatest common divisor of 66 and h?
6
Let u be (-4)/14 + 2358/21. Let a(o) = o**3 + 6*o**2 + 5*o + 4. Let j be (-2)/1*1